f(s) = 2*s**2 + 11*s - 50. Determine f(6).
88
Let s(i) = i**3 + 23*i**2 - 53*i - 1224. Calculate s(-23).
-5
Let g(l) = -l**2 - 2604*l + 31405. Give g(12).
13
Let g(f) = 45*f + 21. Give g(-6).
-249
Let d(b) = 457*b**2 - 16454*b + 90. Calculate d(36).
18
Let n(k) = -23*k + 974. Give n(42).
8
Let v(y) = 24*y**2 + 10*y - 9. Calculate v(1).
25
Let u(m) = -7*m**2 + 97*m - 18. Calculate u(13).
60
Let t(d) = -d**3 - 142*d**2 - 4367*d - 87. What is t(-45)?
3
Let x(k) = -27*k + 548. Give x(17).
89
Let r(n) = n**2 + 510*n + 5471. What is r(-11)?
-18
Let m(i) = -i**2 - 31*i + 433. Give m(9).
73
Let o(j) = -j**2 - 30*j + 34. Give o(-27).
115
Let k(p) = -27*p + 690. What is k(26)?
-12
Let d(i) = -424*i - 35195. Give d(-83).
-3
Let p(d) = 74*d - 301. Give p(5).
69
Let w(t) = -2*t**2 - 39*t - 78. Determine w(-18).
-24
Let g(j) = j**3 - 2*j**2 + 2*j - 145. What is g(0)?
-145
Let q(r) = -r**2 + 44*r + 47. What is q(16)?
495
Let q(c) = -c**3 - 42*c**2 + 252*c - 95. Calculate q(5).
-10
Let h(j) = -982*j - 96233. Calculate h(-98).
3
Let y(p) = -6992*p + 23. Determine y(0).
23
Let z(r) = 27*r - 246. Determine z(12).
78
Let u(z) = 2*z**2 - 353*z - 19663. Determine u(221).
6
Let b(c) = 7*c**2 - 16. Give b(2).
12
Let u(b) = 5*b**3 - 32*b**2 - 72*b - 5. Determine u(-2).
-29
Let u(i) = 22*i - 132. What is u(7)?
22
Let b(m) = 48*m - 439. Determine b(9).
-7
Let m(k) = 9*k**3 + 224*k**2 - 27*k - 2. Determine m(-25).
48
Let k(m) = -10*m**2 + 8*m - 6. What is k(4)?
-134
Let x(i) = -i**3 - 23*i**2 + 27*i + 52. Calculate x(-24).
-20
Let j(q) = -3*q**2 - 69*q - 386. Give j(-13).
4
Let d(h) = 73934*h + 221808. Determine d(-3).
6
Let h(t) = t**3 - 51*t**2 - 50*t - 78. What is h(52)?
26
Let x(p) = 342*p + 3740. Give x(-11).
-22
Let i(c) = -c**3 - 15*c**2 + 63*c + 167. Give i(-18).
5
Let w(v) = -641*v + 9579. Calculate w(15).
-36
Let c(o) = o**3 - 57*o**2 + 507*o - 16. Give c(46).
30
Let q(n) = -40*n**2 + 78*n - 1. Determine q(2).
-5
Let y(m) = m**3 - 9*m**2 - 58*m + 193. Determine y(13).
115
Let y(c) = -130*c - 69. Determine y(-2).
191
Let y(h) = -91*h + 2344. Calculate y(26).
-22
Let s(q) = 300*q - 11. Calculate s(-1).
-311
Let x(b) = 8*b**3 + 302*b**2 - 75*b + 68. Determine x(-38).
30
Let p(m) = -21*m - 229. What is p(-11)?
2
Let r(c) = -6*c**2 + 357*c + 132. Calculate r(61).
-417
Let k(b) = -11*b**2 - 61*b - 26. Determine k(-5).
4
Let d(s) = -s**3 + 5*s**2 - 5*s - 46. Determine d(-2).
-8
Let d(u) = 3*u**2 + 38*u - 27. Give d(-13).
-14
Let z(q) = -70*q + 244. Give z(4).
-36
Let b(a) = -17*a**2 + 387*a - 1167. What is b(3)?
-159
Let n(o) = -2*o**2 - 90*o - 973. What is n(-17)?
-21
Let i(b) = 2*b**2 + 89*b + 390. What is i(-41)?
103
Let l(p) = -p**2 - 175*p - 2507. Determine l(-15).
-107
Let x(b) = -2*b**3 + 224*b**2 - 626*b - 3046. Give x(109).
6
Let v(t) = -3*t**3 - 9*t**2 - 12*t - 62. Determine v(-6).
334
Let q(b) = 2*b**2 - 49*b + 67. What is q(23)?
-2
Let z(q) = -168*q**2 - 333*q - 4. What is z(-2)?
-10
Let o(v) = -91*v - 52. What is o(-2)?
130
Let j(o) = -2*o**3 + 97*o**2 - 848*o - 97. Calculate j(37).
14
Let g(b) = b**3 - 8*b**2 + 15*b - 75. Give g(8).
45
Let j(g) = 24*g - 7. What is j(-9)?
-223
Let t(m) = -3*m**2 - 14*m + 366. Give t(9).
-3
Let t(i) = i**3 + 38*i**2 + 163*i - 85. Calculate t(-33).
-19
Let o(v) = -1467*v - 20552. What is o(-14)?
-14
Let p(i) = -18*i**2 - 19*i - 154. Determine p(-5).
-509
Let i(y) = -2*y**2 - 1554*y + 75723. Give i(46).
7
Let k(x) = -14*x - 328. What is k(-19)?
-62
Let t(f) = 2*f**2 + 139*f + 341. Calculate t(-67).
6
Let i(r) = -r**3 - 110*r**2 - 628*r - 419. Give i(-104).
-3
Let y(i) = 94*i - 1. Calculate y(1).
93
Let j(s) = 98*s**2 + 134*s + 383. Determine j(-3).
863
Let p(o) = o**2 - 12*o - 2584. Determine p(-45).
-19
Let s(b) = -4*b - 250. Give s(-41).
-86
Let b(w) = -6*w**3 + 6*w**2 + 18*w - 34. Calculate b(5).
-544
Let u(g) = 2*g**2 + 70*g + 741. What is u(-18)?
129
Let g(u) = -39*u + 276. Determine g(6).
42
Let h(b) = -2*b**2 + 65*b - 15. What is h(33)?
-48
Let v(n) = -n**2 + 44*n + 187. Determine v(46).
95
Let i(d) = -d**3 - 218*d**2 + 3*d + 666. What is i(-218)?
12
Let h(b) = 55*b**2 - 5*b + 4. Determine h(1).
54
Let a(q) = q**2 + 3*q - 166. Determine a(11).
-12
Let f(x) = -x**3 - 7*x**2 - 6*x - 11. What is f(-2)?
-19
Let j(m) = m**2 + 796*m - 12159. Calculate j(15).
6
Let u(n) = -26*n**2 + 171*n - 66. Give u(7).
-143
Let o(t) = t**2 - 477*t + 2355. Calculate o(5).
-5
Let m(n) = -7*n + 29. Determine m(-6).
71
Let k(s) = 35*s**3 - s - 3. Give k(-1).
-37
Let u(r) = r**2 + 7*r - 119. Give u(-15).
1
Let d(k) = -205*k + 190. What is d(1)?
-15
Let y(i) = -767*i + 138057. Calculate y(180).
-3
Let b(c) = -43*c + 352. Calculate b(16).
-336
Let i(p) = -9*p**2 - 647*p + 128. Determine i(-72).
56
Let s(n) = -2*n**3 + 40*n**2 - 41*n + 32. Determine s(19).
-25
Let n(v) = 3*v**2 - 78*v + 294. Calculate n(4).
30
Let q(t) = -t**3 - 102*t**2 - 101*t - 3. Calculate q(-101).
-3
Let c(k) = -k**3 - 18*k**2 - 19*k + 35. What is c(-17)?
69
Let t(l) = l**3 + 11*l**2 - 17*l - 183. What is t(-11)?
4
Let w(s) = -2*s**3 + 50*s**2 - 56*s + 1400. Give w(25).
0
Let o(z) = -z**3 + 77*z**2 + 1164*z - 36. Determine o(-13).
42
Let d(s) = -9*s**3 - 53*s**2 - 30*s + 24. Determine d(-5).
-26
Let x(g) = g**2 + 171*g + 6243. Give x(-53).
-11
Let c(i) = i**2 - i + 30. Determine c(-7).
86
Let z(q) = -113*q**2 - 1044*q - 247. Give z(-9).
-4
Let c(z) = -3*z**2 + 30*z - 9. What is c(11)?
-42
Let t(p) = p**2 - 52*p + 564. Determine t(15).
9
Let b(y) = -2*y**3 + 177*y**2 - 60*y - 2425. Give b(88).
39
Let m(j) = 7*j**3 + 20*j**2 + 13*j + 23. Calculate m(-2).
21
Let g(y) = 25*y**2 + 7*y + 27. Determine g(-3).
231
Let b(a) = -a**3 - 9*a**2 - 4*a - 120. Calculate b(-10).
20
Let z(n) = -n**2 + 26*n - 155. Determine z(16).
5
Let m(n) = 3956*n - 229437. Calculate m(58).
11
Let o(y) = -4*y**2 - 34*y - 22. Give o(-6).
38
Let l(h) = h**3 - 34*h**2 + 25*h + 851. Calculate l(6).
-7
Let t(k) = -184*k + 14. Calculate t(0).
14
Let u(l) = -29*l - 1063. Determine u(-27).
-280
Let c(h) = 2*h + 14. Give c(-6).
2
Let k(n) = -27*n + 195. Determine k(7).
6
Let z(q) = -10*q + 600. Give z(52).
80
Let f(a) = 2*a**2 + 29*a + 11. Give f(-21).
284
Let m(a) = -a**3 - 12*a**2 + 2*a + 409. Give m(0).
409
Let l(d) = -117*d + 2468. Determine l(21).
11
Let b(s) = -s**3 + 11*s**2 - 19*s + 7. Calculate b(1).
-2
Let a(m) = m**3 - 227*m**2 + 6241*m - 34. Give a(32).
-2
Let n(f) = -115*f + 15. Determine n(0).
15
Let z(b) = -63*b - 372. Calculate z(-7).
69
Let t(w) = 3*w**3 - 61*w**2 + 19*w + 51. What is t(20)?
31
Let d(j) = j**3 + 5*j**2 - 34*j - 32. Give d(-10).
-192
Let q(n) = -6*n - 16. What is q(0)?
-16
Let r(k) = 2*k**2 - 476*k - 2932. Give r(-6).
-4
Let c(g) = 701*g + 2713. Determine c(-4).
-91
Let m(f) = -f**3 - 42*f**2 + 92*f + 151. Calculate m(-44).
-25
Let m(n) = -140*n + 183. Determine m(1).
43
Let j(o) = -3*o**2 - 67*o + 478. Give j(-28).
2
Let v(f) = 135*f - 4474. Calculate v(33).
-19
Let d(x) = -2*x**2 + 83*x + 25472. Calculate d(-94).
-2
Let x(u) = -2*u**3 - 43*u**2 - 12*u + 68. Give x(-21).
-121
Let q(i) = 21*i - 279. Give q(14).
15
Let h(d) = 2*d**2 + 377*d - 762. What is h(2)?
0
Let k(p) = 2*p**2 + 165*p - 268. Give k(-84).
-16
Let f(n) = 60*n - 1563. Calculate f(28).
117
Let b(p) = -p**2 - 98*p - 10. Calculate b(-7).
627
Let z(p) = 4*p**2 + 227*p - 18. Give z(-57).
39
Let v(s) = 2*s - 249. What is v(31)?
-187
Let k(r) = r**2 + 51*r + 630. Determine k(-20).
10
Let v(c) = -9*c**2 + 16*c + 294. Calculate v(-11).
-971
Let d(o) = o**3 + 57*o**2 + 358*o + 392. Determine d(-50).
-8
Let m(k) = 10*k - 120. What is m(9)?
-30
Let l(b) = -2*b**3 - b**2 + 67*b + 14. Calculate l(-6).
8
Let b(o) = -o**2 + 32*o + 1143. Calculate b(-20).
103
Let x(i) = -18*i**2 + 3*i + 2. Calculate x(3).
-151
Let s(x) = 55*x**2 - 3627*x - 196. Give s(66).
2
Let i(o) = -4*o**3 + 104*o**2 - 10*o + 270. Calculate i(26).
10
Let m(l) = 2*l**2 - 26*l + 91. Calculate m(15).
151
Let p(m) = 26*m - 274. Calculate p(10).
-14
Let q(i) = -17*i**2 + 399*i - 15. Determine q(24).
-231
Let l(t) = 177*t + 2127. Calculate l(-12).
3
Let g(y) = -2*y**3 - 372*y**2 + 4*y + 800. What is g(-186)?
56
Let g(v) = -v**2 - 21*v - 11. Give g(-20).
9
Let q(w) = -w**3 - 5*w**2 + 24*w + 7. Give q(-8).
7
Let j(n) = 613*n - 73571. What is j(120)?
-11
Let p(c) = -